pose -4986 = x*b - 877*b. What are the prime factors of b?
3, 277
Suppose 253480 = 4*c + g + 34150, 54837 = c - 2*g. What are the prime factors of c?
54833
Let b be (-417 - 4)*-1 - 3. Suppose -z + 3*r = 4*r - b, 2*z + 4*r - 838 = 0. List the prime factors of z.
3, 139
Let u = -342 + 18. Let n = u + 614. List the prime factors of n.
2, 5, 29
Suppose -66*f + 98341 = -29*f + 2844. List the prime factors of f.
29, 89
Let w(z) = -2*z**3 - 19*z**2 + 7*z + 191. List the prime factors of w(-17).
3, 13, 113
Let l(n) = 17*n - 144. Let k be l(31). Let h = -177 + k. List the prime factors of h.
2, 103
Let s(d) be the first derivative of -d**4/4 - 22*d**3/3 + 23*d**2 - 34*d - 37. What are the prime factors of s(-24)?
2, 7
Suppose 16*u + 1063920 = 31*u + 16*u. What are the prime factors of u?
2, 3, 5, 11, 13
Let d be (-288)/(-132) + (-4)/22. Suppose -124 + 30 = -d*j. Suppose 0 = -l + x + 121, -2*l + x = -199 - j. List the prime factors of l.
5
Let u(l) be the first derivative of 39*l**2/2 - 45*l + 22. Let r be u(13). Suppose -4*c - c + 108 = i, 5*i = c + r. List the prime factors of i.
3, 31
Let h be (1/(-1))/4 + (-20713)/28. Let p = h + 1149. What are the prime factors of p?
409
Let o be -4 - 7/(3 + -4). Suppose 8*q - 188 = o*q + 2*z, -q + 41 = 3*z. Suppose 44*g - q*g = 1446. What are the prime factors of g?
241
Let q(b) = 4*b**2 - 65*b + 357. What are the prime factors of q(40)?
4157
Suppose 3*d = -4*p + 838, 8*d = 3*p + 13*d - 634. Suppose -7*u + 1503 = p. What are the prime factors of (93/155)/(1/u)?
3, 37
Let u be 2/(3 + 3) + (-1)/3. Suppose -33*b + 30*b - 30 = u. List the prime factors of (-12 - b) + 0 + 160.
2, 79
Suppose 12*t + 3 = 13*t. Suppose 10 = 3*s + x, -5*x + x - 5 = t*s. Suppose -6*n - 204 = -3*b - 2*n, -340 = -s*b - 4*n. List the prime factors of b.
2, 17
Let n = -19761 - -41245. What are the prime factors of n?
2, 41, 131
Let o be 12/(-42) + (-214)/(-14) + 0. Suppose 29*t - 5152 = o*t. List the prime factors of t.
2, 23
Suppose 570*h = 151*h + 7166842 - 518569. What are the prime factors of h?
3, 41, 43
Let v(b) = 793*b**2 - 10*b + 5. Let l(n) = 1585*n**2 - 19*n + 10. Let d(q) = 4*l(q) - 7*v(q). What are the prime factors of d(1)?
2, 197
Let t(i) = -16*i + 118. Let z be t(7). Suppose -z*v + 1989 + 2241 = 0. List the prime factors of v.
3, 5, 47
Suppose 4*b + 5*n + 46 = 0, b + 4 = 5*n + 5. Let i(z) = 17*z**2 + 54*z - 7. List the prime factors of i(b).
2, 13, 17
Let i = 18 - 15. Suppose -l - 143 = -4*l - 4*g, 3*g + 129 = i*l. Let u = -41 + l. What are the prime factors of u?
2
Let s(f) be the third derivative of -f**7/315 - f**6/40 - 17*f**5/30 + 41*f**2. Let t(z) be the third derivative of s(z). What are the prime factors of t(-3)?
2, 3, 5
Let f be -2*7/(-8) - 1/(-4). Let i(k) = 0*k**2 - 3*k**2 + 3*k - 22*k + 4*k**f + 42. What are the prime factors of i(17)?
2
Let l be -3 - (-237 + 2 + -1). Let d = l + 31. Let j = -125 + d. What are the prime factors of j?
139
Let y be 1 - 2 - 12/(-3). Suppose 15*r - 2316 = y*r. What are the prime factors of r?
193
Let u = -2414 + 3721. Let r = -757 + u. List the prime factors of r.
2, 5, 11
Let d = -8576 - -17548. List the prime factors of d.
2, 2243
What are the prime factors of (2859 - -2)*5 + (-402)/(-201)?
3, 19, 251
Let m = -2664 + 2669. Let j(u) = 50*u - 6. Let g be j(6). Suppose 4*s - 3*y = -y + 240, 0 = -m*s + y + g. List the prime factors of s.
2, 29
Let j(y) = -45*y - 7. Let n be j(4). Suppose f = -37 - 29. Let a = f - n. List the prime factors of a.
11
Suppose 0 = i - 2*w - 10536, -13*w - 20 = -9*w. List the prime factors of i.
2, 19, 277
Let m = -666 - -758. Let f(p) = -48*p - 2. Let u be f(-2). Let w = u - m. List the prime factors of w.
2
What are the prime factors of (-387515)/(-51) - 70/(-42)?
2, 5, 19
Let y(d) = -1639*d - 479. What are the prime factors of y(-5)?
2, 3, 643
Let d(w) = -w**3 + 72*w**2 - 20*w - 15. What are the prime factors of d(69)?
2, 3, 179
Suppose 52*d - 112821 = 311447. What are the prime factors of d?
41, 199
Let z be ((-5)/2)/(3/(-6)). Suppose -z*b = 3*j - 4195, 0 = -b - 28*j + 26*j + 839. List the prime factors of b.
839
Suppose 45*j + 48*j - 340706 = 395110. List the prime factors of j.
2, 23, 43
What are the prime factors of ((-4)/10)/((231/10670)/(-21))?
2, 97
Let i be -6 + (-39)/78 + (-98)/(-4). Suppose z = 3*j - 4732, -i*j - 5*z - 1582 = -19*j. What are the prime factors of j?
19, 83
Let y(l) = 7*l - 4. Let o be y(4). Let f = -24 + o. Suppose f*t - 11*t = -1529. List the prime factors of t.
139
Let g(v) = 21 - 7*v - 156 - 3*v**2 + 3*v**3 + 5*v**2. Let h(y) = y**3 + y**2 - 3*y - 68. Let j(d) = 2*g(d) - 5*h(d). List the prime factors of j(0).
2, 5, 7
Let m = -5 + -4. Let h be (-53)/(-4) + m/36. Suppose -g + 40 - h = 0. List the prime factors of g.
3
Suppose 6 = 4*u + 2*k, -k + 4 = -2*u + 9. Suppose u*j - 1886 = -0*f + 5*f, 2842 = 3*j - f. List the prime factors of j.
2, 3, 79
Suppose -276 - 108 = 24*n. List the prime factors of 1/(12/2403)*n/(-6).
2, 3, 89
Suppose 21*f - 16*f - 25 = 0. Suppose 166 = f*m + 96. What are the prime factors of m?
2, 7
Let d(i) = 2453*i**3 + 2*i**2 + 16*i - 34. List the prime factors of d(2).
2, 5, 13, 151
Let k(v) = v**2 - v - 53. Let g be k(9). Suppose 14133 = g*j - 1162. List the prime factors of j.
5, 7, 23
Let h = -18 - -31. Suppose -h*r + 10*r = -6. Suppose 0 = r*q - 3*q + 14. List the prime factors of q.
2, 7
Let d = -65 - -75. Suppose -12*f + d*f = -908. What are the prime factors of f?
2, 227
Let z = 278 - 227. Suppose -2*o = 2, 7 = -u + 8*o - 3*o. Let d = z + u. List the prime factors of d.
3, 13
Let g(w) = 2*w**2 + 6*w - 297. Let l be g(0). What are the prime factors of l/(-132)*(84 + 0)?
3, 7
Let m = -75 + 78. Suppose m = -x + c, -c + 3*c - 8 = 3*x. List the prime factors of (-246)/(-3) + (-4)/x.
2, 3, 7
Let y(t) = 3*t**2 - 13*t + 2. Let q be y(5). Let p(n) = n - 3*n**2 + 36 + n**3 + q - 10 + 4*n**2. List the prime factors of p(0).
2, 19
Suppose -19*v - 92212 = -3*a - 15*v, -4*a + 122952 = -5*v. What are the prime factors of a?
2, 7687
Let t(k) = -k + 37. Let q be t(29). Let v(x) = -x**3 + 10*x**2 - 15*x - 13. Let c be v(q). What are the prime factors of 109 - (c - (4 + -5))?
113
Let p be (-672)/(-27) + (-4)/(-36). Suppose 5159 = p*i - 2091. What are the prime factors of i?
2, 5, 29
Suppose 5*n - 1004 = 3*n + 3*r, -4*r = 3*n - 1540. Let g = 83 + n. List the prime factors of g.
3, 197
Let f(j) = -3*j**3 - 40*j**2 + 24*j + 326. List the prime factors of f(-22).
2, 41, 151
Let z(o) = 138*o**2 - 120 - 135*o**2 + 31*o - 25*o. List the prime factors of z(9).
3, 59
List the prime factors of 13334732/3420 + (-6)/135.
7, 557
Suppose 16 = -3*u + 1, -5*u - 44 = -d. Let r(j) = -j**3 + 20*j**2 - 22*j + 66. List the prime factors of r(d).
3
Suppose -5*k + 3*h = -51868, -2*k - 3*h = -8572 - 12171. What are the prime factors of k?
11, 23, 41
Let j(f) = 1458*f - 2309. What are the prime factors of j(29)?
71, 563
Suppose -20*h - 92*h = -79856. What are the prime factors of h?
23, 31
Let b(t) = t**3 - 11*t**2 + 21*t - 18. Let l be b(9). Let c(o) = 2*o**3 - 9*o**2 + 15*o + 11. What are the prime factors of c(l)?
5, 7
What are the prime factors of 2/3*(-235155)/(-10)?
61, 257
Let h = 96 - 93. Suppose 2*k + 2*a + 510 = 7*k, -4*a = h*k - 332. Suppose 3*t = 3*n + 147, k = 3*t + 3*n - 61. List the prime factors of t.
2, 13
Let z = 74 - 74. Suppose -6 = -3*l + 3*m, l - 4*m + 2 - 1 = z. Suppose -321 = -l*o + 150. List the prime factors of o.
157
List the prime factors of (-116508)/19*((-9)/14)/((-39)/(-104)).
2, 3, 73
Suppose -l + 12*j = 8*j - 13, 2*l + 4*j = 38. Suppose 24*n = l*n + 455. List the prime factors of n.
5, 13
Let q be 3/9 - ((-68)/3 - 2). Let z be (-30)/(-4)*30/q. Suppose -z*j + 12*j = 531. What are the prime factors of j?
3, 59
Suppose -s + 3*f + 93 = -2*f, -s = 5*f - 93. Let m = -84 + s. Suppose m*r - 5*r = 220. List the prime factors of r.
5, 11
Suppose 0 = 99*n - 103*n + 20. What are the prime factors of (-2)/5 + 1757/n?
3, 13
Let k = 4378 + -3421. What are the prime factors of k?
3, 11, 29
Suppose 0*j = -3*j - 444. Let s = j + 250. Suppose -99 = -2*w - 5*u, 5*u + 313 = 3*w + s. What are the prime factors of w?
2, 31
Suppose v = -9 + 13. Suppose 394 = v*p - 374. Let b = p + -95. List the prime factors of b.
97
Let d(y) = -y**2 -